e greatest common factor of a and y.
21
Let d(b) = -b + 1. Let o be d(10). Let f = o - -20. What is the highest common divisor of f and 99?
11
Let d(l) = -2*l**2 - 26*l - 17. Let q be d(-12). Suppose -25 = -q*x + 94. What is the greatest common divisor of 51 and x?
17
Let o(y) = -y**2 + 33*y - 46. Let c be o(30). What is the greatest common divisor of c and 143?
11
Let m(w) = -w**3 + 6*w**2 + 4*w - 5. Let x be m(5). Let o(n) = 10*n. Let t be o(3). Suppose -3*l = t - 78. Calculate the highest common factor of x and l.
8
Let c = -34 + 58. Let a be (1 + -3)/((-6)/c). What is the greatest common divisor of a and 72?
8
Let c(n) = -n**2 - 11*n + 12. Let h(u) = u**2 + 4 - 2 - 1 + 7*u. Let g be h(-3). Let z be c(g). Calculate the greatest common divisor of 12 and z.
12
Let a = -14 + 62. Suppose 5*d - 5*c - 102 - a = 0, -4*c = -3*d + 86. Calculate the highest common factor of d and 17.
17
Suppose 3*v + 15 - 38 = 5*h, 0 = 4*v + 5*h - 89. Let l be (2 - 5)/((-1)/(-128)*-3). Let k be (-3 + 3 + 1)*l. Calculate the highest common divisor of v and k.
16
Suppose 4*v - 24 = 3*y, -4*y + 21 = v - y. Suppose 5*o - 4*i - 499 = 0, -2*o - 5*i + 90 + 103 = 0. Calculate the highest common divisor of o and v.
9
Let a be ((-1)/(-3))/(5/60). Suppose 0 = 3*o - 4*i - 24, a*o - 3*i - 25 = -0. What is the greatest common factor of o and 20?
4
Suppose -2*u = -5*u + 378. Suppose -6*h - 12 = 2*j - 2*h, 0 = -2*j - 5*h - 17. Suppose -j*o + u = -o. What is the greatest common factor of 105 and o?
21
Suppose -3*n + 120 = -v + 17, 3*v = 2*n - 78. Suppose -4*f = 2*l - 130, -3*f - 148 = -5*l + 112. Calculate the highest common divisor of l and n.
11
Suppose 0 = -p + 2*p. Let h be 18 + -6 + p + 0. Suppose 39 = 5*c - 21. Calculate the greatest common factor of h and c.
12
Let a(d) = -d**2 - 24*d - 3. Let r be a(-4). Calculate the highest common divisor of 55 and r.
11
Suppose b - 51 = -2*b. Let v = b + -14. Let a = 22 + -7. What is the highest common factor of v and a?
3
Let t(p) = -p**3 + 6*p**2 - 5*p + 7. Let j = 10 + -5. Let v be t(j). Let u be (-60)/(-9) - (-1)/3. Calculate the greatest common divisor of v and u.
7
Let z = -5 - -16. Calculate the greatest common factor of z and 99.
11
Suppose -4*t + 2*k + 24 = t, 2*k = 6. What is the greatest common divisor of 236 and t?
2
Let s be (-92)/(-22) - 10/55. Suppose 3*u = -s*u + 672. Let n(v) = 25*v - 1. Let l be n(1). Calculate the greatest common divisor of u and l.
24
Let s(h) = -h**3 + 7*h**2 + 2*h + 15. Let b be 7 + -9 + (-16)/(-2). Let g be s(b). Calculate the highest common factor of 9 and g.
9
Let p(r) = r**2 + 15*r - 22. Let v be p(-18). Calculate the highest common factor of v and 80.
16
Let t = 469 - 369. Calculate the highest common factor of 75 and t.
25
Let a be -6 - 4*(-15)/2. Let x = -9 - -15. Suppose -x - 2 = -l. Calculate the greatest common factor of l and a.
8
Suppose -8*w = -13*w + 705. Suppose l - 170 = -w. What is the greatest common factor of 319 and l?
29
Let w = 31 + -13. Calculate the highest common divisor of 288 and w.
18
Let k be -9 - -71 - (3 - 1). Calculate the greatest common factor of k and 60.
60
Let x(g) = 39*g**2. Let q be x(-2). Suppose 22 = 5*d - 3*d. Suppose -4*j - d = -4*k - 103, -4*k = 3*j - 90. Calculate the highest common divisor of q and j.
26
Suppose 65 = 3*s - 175. Let b = 3 - -7. Calculate the greatest common divisor of b and s.
10
Suppose 2*t - 24 = -4. Suppose 3*w - t = -2*w. What is the highest common factor of w and 2?
2
Suppose -5*n + 482 = -2*r, -5*n + 4*r = -8*n + 284. Let h be 1 + 0 + (0 - -15). Calculate the highest common divisor of h and n.
16
Let w be 7 + 3 + -3 + 1. Let p = -77 + 80. Let r be (6/p)/(4/w). What is the greatest common factor of 6 and r?
2
Let k(l) = 83*l**2 + 18*l + 3. Let w be k(-2). What is the greatest common divisor of 23 and w?
23
Let m(t) = t**3 - 21*t**2 + 104*t - 12. Let y be m(9). Let b be 1/1*(-17 - -2). Let x be ((-5)/b)/((-1)/y). Calculate the greatest common factor of 8 and x.
8
Let u(r) = -r**3 - 23*r**2 + 23*r + 30. Let q be u(-24). What is the greatest common factor of q and 6?
6
Suppose 3*v + v = 24. Suppose 2*z - 56 = -o + 31, -2*o + v = 0. Calculate the highest common factor of 28 and z.
14
Let c be 10/(-25) + (3 - 7/(-5)). Suppose -4*d = v - 6, d - c + 5 = 0. What is the greatest common factor of 110 and v?
10
Suppose -4*c = 22 - 118. Suppose m - 2*r - 10 = 0, -8*r - 6 = -10*r. What is the greatest common divisor of m and c?
8
Let u = 1251 + -1101. Calculate the highest common factor of 420 and u.
30
Let w be (-2 + (-14)/(-3))*36/24. What is the greatest common divisor of w and 16?
4
Let c = -564 - -609. Calculate the greatest common divisor of c and 720.
45
Let p(x) = -x**2 - 4*x + 6. Let b be p(-5). Let t = -52 + 53. Calculate the highest common factor of t and b.
1
Suppose m = 5*m + 5*l - 2, 5*l - 5 = -5*m. Let u be -1 + (0 - m - -9). Suppose 0 = -u*n - 0*n + 175. What is the highest common divisor of 14 and n?
7
Let i(c) = 43*c + 1. Let o(b) = -86*b - 2. Let g(r) = -9*i(r) - 4*o(r). Let q be g(-1). What is the highest common divisor of q and 105?
21
Let l be (-1)/(-3) - 58/(-6). Let d = -8 + l. Let t = d - -7. What is the highest common factor of t and 27?
9
Let q(l) = 4*l**2 - 72*l + 50. Let b be q(28). What is the highest common factor of b and 60?
30
Suppose 0 = -j - 3*z + 71, -4*j - 21*z = -23*z - 326. Calculate the greatest common factor of j and 1220.
20
Suppose -2*x - 2*x + 3*f + 52 = 0, 5*x - 65 = 2*f. Let v = 105 - 14. Calculate the highest common factor of x and v.
13
Suppose -4*c - 2*v + 72 = 0, 2*c = 4*c - 3*v - 36. Let t be ((-4)/(-5) - -1)*(-41 - -46). Calculate the highest common factor of c and t.
9
Suppose 2*s = -10, 3*s = -2*a - 3 - 12. Let k be 2/((-5)/(-30) - a). Calculate the greatest common factor of k and 42.
6
Let f be 2/6 + 712/24 + 8. Calculate the greatest common factor of f and 152.
38
Let t be 2*1*130 - (42 - 38). What is the highest common divisor of 192 and t?
64
Suppose -3 = -3*t - 12, -3*n - 5*t = -63. Calculate the greatest common factor of n and 2.
2
Let s(x) = 14*x - 6*x + 11*x + 4. Let z be s(5). Suppose 3*v - 12 = 0, 2*v - 21 - 20 = -3*k. What is the greatest common factor of k and z?
11
Suppose -4*j + 5*z + 66 = 0, -10*j - z - 15 = -11*j. Let l be 45*(1 + (-2)/10). What is the highest common factor of l and j?
9
Suppose v - 1 - 20 = 0. What is the highest common factor of v and 399?
21
Let i be (3 - -12) + (-5)/(-1). Let a = i + -1. What is the greatest common factor of 133 and a?
19
Let d be 2/(-4)*(-13)/(52/8). Calculate the highest common divisor of d and 203.
1
Let u = 607 - 541. Suppose -2*m = 8 - 30. Calculate the greatest common factor of m and u.
11
Let i = 21 + -9. Let m be ((-196)/(-3))/((-58)/(-87)). Suppose -5*l - v + 107 = -11, 0 = -4*l + v + m. Calculate the greatest common divisor of i and l.
12
Let r(u) = -3*u**3 + 2*u**2 + 4*u + 3. Let i be r(-2). Suppose -q + i = -1. What is the highest common divisor of q and 42?
14
Suppose -3*n + 1959 = -3*l, 4*n - 574 = l + 2050. Suppose 2*b - 3*f - 273 = 0, 2*f = -5*b + f + n. What is the highest common factor of b and 12?
12
Let n = 63 - 95. Let u = 58 + n. Let q = u + -8. What is the highest common divisor of q and 90?
18
Suppose -4*v = 3*w - 118, 0 = -4*w - 3*v + 258 - 96. What is the greatest common divisor of w and 162?
6
Suppose h = -2*f + 31, 0*f + 2*h = -f + 8. Suppose 0 = 6*q + 86 - 518. What is the highest common factor of f and q?
18
Suppose g = 2*a + 2*g - 12, -6 = -2*a + 2*g. Let c = 562 - 522. What is the greatest common divisor of a and c?
5
Suppose 6*b - 23 - 25 = 0. What is the greatest common divisor of b and 200?
8
Let i(h) = h**3 - 6*h**2 - 3*h - 4. Let l be i(7). Suppose -w - q - 70 = 4*q, -q + 175 = -4*w. Let f = w + 69. What is the highest common divisor of l and f?
24
Let d = -58 - -91. Let j = d + -29. What is the greatest common divisor of 32 and j?
4
Let l be (-1232)/(-6)*(4 + -1). What is the highest common divisor of 11 and l?
11
Let i(g) = -4*g + 96. Let q be i(18). What is the greatest common factor of 120 and q?
24
Let f be (-6)/16 - ((-4556)/32 - -4). Calculate the highest common factor of 6 and f.
6
Let w(s) = s. Let j be w(6). Suppose -168 = -22*q - 6*q. Calculate the highest common divisor of q and j.
6
Let 